10
Let x = 192 + -112. What is the greatest common divisor of x and 10?
10
Let u be (-2 - -22) + (1 - 3). Let a be -2 + 6 + 0 - -2. What is the highest common divisor of a and u?
6
Let l(m) = m**2 - 2*m - 5. Let t be l(4). Let w be 2/9 + -7 + 1500/54. Calculate the greatest common divisor of w and t.
3
Let z be 1/(1 - (-9)/(-12)). Suppose -z*f + 0*f = -8. Suppose 28 = 5*i - u - 18, -u = 5*i - 54. Calculate the greatest common factor of i and f.
2
Let q(n) = -n**2 - 2*n - 1. Suppose 0 = 4*k - 2 + 10. Let w be q(k). Let y be 10 + (2 + w)*2. What is the highest common divisor of y and 108?
12
Suppose -26*t + 28*t - 46 = 0. What is the highest common factor of 253 and t?
23
Let w = 4 + 7. Let r be 19/((-76)/(-56)) + -4 + 1. Calculate the greatest common factor of r and w.
11
Let c = -17 + 47. Suppose 37 = -2*b - 3. Let y be (b/(-8))/(1/30). Calculate the highest common factor of c and y.
15
Let y be (-1402)/(-6) + 2/6. Suppose -4*a + 70 = -34. What is the greatest common divisor of y and a?
26
Suppose a = 4*y + 10, 3*y = -a + 2*a - 10. Calculate the greatest common factor of 20 and a.
10
Let s(t) = -t**3 - 8*t**2 - 3*t - 4. Let l be s(-9). What is the greatest common divisor of 13 and l?
13
Let u(i) = i. Let l be u(4). Suppose l*t + 0*t = 8. Suppose -3 + 15 = 4*f. Calculate the highest common factor of f and t.
1
Let p = -7 + 13. Let f(b) = -b**3 + 6*b**2 + b - 1. Let l be f(p). Calculate the highest common factor of 15 and l.
5
Suppose -7*t + 5*j + 8 = -3*t, -3*j = -3*t + 6. Let y = t - 2. Suppose 3*l - 17 = 4*k + 13, y = -k. What is the greatest common factor of 30 and l?
10
Let x be ((-2)/(-1))/((-7)/(-28)). What is the highest common divisor of 56 and x?
8
Let f(o) = 2*o**2 + 13*o + 16. Let j be f(-8). What is the greatest common divisor of 16 and j?
8
Suppose a - 11 = -2*v + 14, -3*v + 3*a = -51. What is the highest common divisor of v and 98?
14
Let m(w) = -3*w - 18. Let k be m(-8). Let q(u) = -u**3 + 8*u**2 - 3*u. Let p be q(k). Let y be 96/6*(-9)/(-4). What is the highest common factor of y and p?
18
Let h(m) = 87*m + 2. Let d be h(2). Calculate the highest common factor of 16 and d.
16
Suppose 3*u = -5*i + 10, -5*i + 9 = -4*u - 1. Let w(h) = 9 - 4*h**3 + 3*h**3 + 2*h - i*h - 7*h**2. Let s be w(-7). What is the highest common factor of 3 and s?
3
Let v = -84 - -164. Calculate the greatest common factor of v and 10.
10
Let j(v) = -v + 1. Let s be j(-11). Suppose 2*b = -b + s. Calculate the highest common divisor of 12 and b.
4
Let h be (-33)/(-6)*(2 + -4). Let q = h + 18. Suppose 2*i - i = 70. What is the greatest common divisor of q and i?
7
Let a = 4 - 6. Let p be (35/a)/((-1)/2). Let c be 8 + (-2 - -1) + 0. Calculate the greatest common factor of c and p.
7
Let d(v) = 8*v**3 - 2*v**2 + 3*v + 2. Let r be d(2). Suppose 0 = -2*m - 2*m + r. Calculate the greatest common divisor of m and 16.
16
Let v be (36 + 5)/((-1)/(-1)) - -3. What is the highest common factor of 22 and v?
22
Let y = 38 + -6. Calculate the highest common divisor of 16 and y.
16
Let b be ((-4)/(-4))/((-3)/(-9)). Suppose 4*f + 2*q - 14 = b*f, -4*f - 5*q = -53. Calculate the highest common divisor of f and 96.
12
Suppose 2*j = -4*a + 286, -8*a + 3*a - 115 = -j. What is the highest common factor of 15 and j?
15
Let h = -7 - -11. Suppose h*c = 33 + 31. Let n be (-4)/3*12/(-8). What is the greatest common factor of c and n?
2
Let j(h) = -h**3 + 5*h**2 - 2*h - 4. Let l be j(4). Let g be l/(4/5) - 1. What is the greatest common factor of 10 and g?
2
Let j(x) = 8*x**2 + 2*x + 3. Let q be j(-5). Let i = q - 11. What is the highest common factor of 26 and i?
26
Suppose 3*k + 38 = 5*t, -4*t = 2*k - 6*k - 24. What is the greatest common divisor of t and 70?
10
Suppose -11*v + 480 = -v. Let f(h) = h**3 - 9*h**2 + h + 3. Let u be f(9). Calculate the greatest common factor of v and u.
12
Suppose 7 = 2*m - 7. Let u be 233/m - (-6)/(-21). What is the highest common divisor of u and 11?
11
Suppose 2*k = 4*a + 16, k - 2*a - 62 = -3*k. What is the greatest common divisor of k and 9?
9
Let j(y) = 2*y**2 - 9*y + 4. Let a be j(6). Calculate the highest common divisor of a and 11.
11
Let c(v) = -v**2 - v + 54. Let z be c(0). What is the highest common factor of z and 18?
18
Suppose 0 = -k + 2*k - 78. Suppose 4*o + 5*d - k = 0, -2*o - 4*d + 38 = -4. What is the highest common factor of o and 17?
17
Let z = 23 + 1. Suppose -2*j + 64 + z = 0. What is the highest common factor of 4 and j?
4
Let z(a) = a**2 + 7*a + 2. Let n be z(-6). Let x be (-22)/n + 2/4. Calculate the greatest common factor of 2 and x.
2
Let j(k) = -k**3 + k**2 + 2*k. Let q = 0 - 2. Let s be j(q). Let c(d) = 2*d - 4. Let t be c(4). What is the greatest common factor of t and s?
4
Let m be 15/(-6)*(-4)/5. Let i(p) = -2*p**3 + 4*p**3 + p**2 - 3*p**3 + 3 + m*p. Let n be i(-3). Calculate the highest common factor of n and 3.
3
Suppose 5*a = -50 - 180. Let x = a + 76. Let f(s) = -3*s. Let w be f(-4). What is the highest common divisor of x and w?
6
Suppose 5*u - 1075 = -445. Suppose -5*j + 31 = -39. Calculate the highest common divisor of j and u.
14
Let f(p) = p - 3*p**2 + 4*p**2 + 3 + p**2 + 5*p**2. Let g be f(3). Suppose j - 2*t - g = 3*t, 3*j - 159 = -t. Calculate the highest common divisor of j and 18.
18
Let m = -2 - 2. Let c(k) = -19*k - 2. Let y be c(m). Let w be 1 + (-5)/((-5)/y). Calculate the greatest common divisor of w and 30.
15
Let m = -10 - -8. Let q(v) = -22*v**3 - v**2 - v + 2. Let t be q(m). Calculate the greatest common factor of t and 22.
22
Let q(a) = a**2 - 3*a + 1. Let i(g) = 2*g**2 - 2*g + 2. Let x be i(2). Let h be q(x). Calculate the highest common divisor of h and 19.
19
Suppose 5*j + 2*v - 6 - 164 = 0, 0 = 5*j - 5*v - 135. Suppose w - 3*w = 0. Suppose w = -3*o + 5*o - 8. What is the highest common divisor of j and o?
4
Let f(s) = -s + 9. Let k be f(-3). What is the highest common factor of k and 132?
12
Let w(c) = c + 16. Let a be w(-7). Suppose -3*z + 85 = -h, 9*z - 4*z = -3*h + 123. Calculate the greatest common factor of z and a.
9
Suppose -2*q + 2*h - 6*h = -8, -5*q + 4*h + 20 = 0. Let p = 0 - -1. Calculate the highest common factor of p and q.
1
Let n(d) = d**2 - d - 1. Let a be n(-1). Let q(w) = 105*w. Let p be q(a). Calculate the highest common factor of p and 15.
15
Let z(m) = m**2 - 3*m - 2. Let q be z(-2). Calculate the greatest common factor of 24 and q.
8
Suppose 0 = -5*c + 4*p + 112, 0 = 5*c - 3*p + 2*p - 103. Calculate the greatest common factor of 260 and c.
20
Let y(f) = 10*f + 2. Let n be y(3). What is the highest common factor of n and 160?
32
Suppose 0 = -4*p + 2*s, 0*p - 4*p + 24 = 4*s. What is the greatest common divisor of p and 2?
2
Let r(c) = -18*c - 6. Let f be r(-4). Calculate the highest common divisor of f and 6.
6
Suppose -224 = -3*z + z. Calculate the greatest common divisor of z and 14.
14
Let h(j) = -19*j**2 - j + 1. Let k be h(1). Let u = -4 - k. Suppose -2*y - 17 + 257 = 0. Calculate the greatest common divisor of u and y.
15
Let z = -134 - -197. What is the greatest common factor of z and 7?
7
Let g(o) = -6*o - 69. Let c be g(-19). What is the highest common factor of 225 and c?
45
Suppose 0 = 5*k - 4*k - 3. Suppose -k*a + 43 = 10. What is the highest common factor of 1 and a?
1
Let v = 22 + -17. Suppose 5 = -p + 5*o, 0 = v*p + 5*o - 0*o - 95. Let g = 1 + 2. Calculate the highest common factor of g and p.
3
Suppose 5*j + 14 = 39, -v = -4*j - 44. Let k = 57 + -31. Suppose -2*q + 3*b + 8 = -b, -k = -3*q - b. What is the greatest common divisor of v and q?
8
Suppose -6*j = -8*j + 52. Let w be 24/10*(-585)/(-6). Calculate the highest common divisor of j and w.
26
Suppose 0 = -3*s + 2*b + 35 + 162, s = 2*b + 67. What is the highest common factor of s and 26?
13
Let b be 3/2 + 3/6. Let q be (-2)/2 - (-262)/b. Let x be (-2)/(-6) - q/(-6). What is the greatest common divisor of 33 and x?
11
Let k(u) = u**2 - 3*u - 8. Let c be k(8). Suppose 0 = -0*j - 4*j - 48. Let b = 20 + j. What is the highest common divisor of b and c?
8
Let k(v) = v**2 - v - 12. Suppose -3*x + 4*u - 1 = -0, x + 11 = 4*u. Let c be k(x). Calculate the highest common divisor of c and 20.
4
Let p(z) = -7*z - 16. Let w be p(-8). What is the greatest common factor of w and 10?
10
Suppose -5*i = -4*n + 41, -5*i = 